 3, what is 10210002010 - 22002?
10202210001
In base 6, what is -15115354341 + -2?
-15115354343
In base 8, what is 51304 + -3522?
45562
In base 7, what is 13525452 + 4?
13525456
In base 13, what is 20796 - -2601?
23097
In base 10, what is 1 - -36738834?
36738835
In base 10, what is 47072821 + -3?
47072818
In base 8, what is -3401536 + 337?
-3401177
In base 9, what is 82225 - -7?
82233
In base 14, what is 19c5 - -1295?
2c7a
In base 10, what is 3460926 + -24?
3460902
In base 11, what is 978a4 - 22?
97882
In base 16, what is -13a + -95fc?
-9736
In base 12, what is 643a + 1b58?
8396
In base 6, what is -12345 + -102353?
-115142
In base 13, what is 5 + 47b295?
47b29a
In base 16, what is -6b62c - -90?
-6b59c
In base 16, what is -22ed43 + 3?
-22ed40
In base 6, what is -31303433043 - -3?
-31303433040
In base 2, what is 110010101000110 + 100101010?
110011001110000
In base 12, what is 326 - -b235?
b55b
In base 15, what is 40e + -11948?
-11539
In base 8, what is 2727342502 - 2?
2727342500
In base 2, what is -100000 - 100000010000001101001?
-100000010000010001001
In base 3, what is 1001102122202 - 2021?
1001102120111
In base 14, what is 2565ab51 - 2?
2565ab4d
In base 8, what is -117151141 - 3?
-117151144
In base 4, what is 120313031101 - 2?
120313031033
In base 4, what is 33022232 - 31300?
32330332
In base 3, what is -1202022012200 - -111111?
-1202021201012
In base 4, what is -10311 + 13120233?
13103322
In base 12, what is 31198a5 - -9?
31198b2
In base 3, what is -11110 - 110100222112?
-110101010222
In base 5, what is 120341144320 + 2?
120341144322
In base 11, what is 3089718 + -5?
3089713
In base 15, what is 326 - 2b2cb?
-2aea5
In base 14, what is -454c - -1062?
-34ca
In base 10, what is 1802413 - 110?
1802303
In base 2, what is 10101 + -11000011010010110011?
-11000011010010011110
In base 13, what is -6344 - 54?
-6398
In base 4, what is 2111122021333 - 12?
2111122021321
In base 9, what is -10 - -7441670?
7441660
In base 13, what is -2 - 177562a?
-177562c
In base 13, what is 581 - -9a52c?
9aab0
In base 9, what is 1 - 85866?
-85865
In base 14, what is 278c + -2756?
36
In base 9, what is -174553 - -17?
-174535
In base 9, what is 532 + -286563?
-286031
In base 7, what is -140033306 - 25?
-140033334
In base 15, what is 39a7ba + 2c?
39a7e7
In base 15, what is -76e7d8 - 2c?
-76e815
In base 13, what is 7111 + 36bb?
a7cc
In base 13, what is 401498b - 3?
4014988
In base 13, what is -1a80 - 6700?
-8480
In base 10, what is -5160 - -12343?
7183
In base 5, what is -124 + 1121210?
1121031
In base 3, what is -20120 + 20221012201?
20220222011
In base 10, what is 30 - 7071172?
-7071142
In base 4, what is -2 - -20102323331311?
20102323331303
In base 3, what is 121 - 10021211121201?
-10021211121010
In base 4, what is -11022333 + 22323331?
11300332
In base 6, what is 3434505 + -443?
3434022
In base 6, what is -1240435453 + 1?
-1240435452
In base 13, what is 5 - 1822b98?
-1822b93
In base 2, what is 11001011011111 + 110010001110?
11111101101101
In base 3, what is 100220 + -1002010101?
-1001202111
In base 10, what is 24863 - 1196?
23667
In base 13, what is 31235878 - a?
3123586b
In base 14, what is 1 + -5220c5?
-5220c4
In base 9, what is 5 - 3385336?
-3385331
In base 6, what is -324124355242 - -1?
-324124355241
In base 3, what is 12 - 1022020022201212?
-1022020022201200
In base 9, what is 140 + 678842?
680082
In base 5, what is 404 + 4031431410?
4031432314
In base 16, what is -1a4c - -9619?
7bcd
In base 4, what is 1321 - 311023?
-303102
In base 2, what is -100000111010001101 - -110110?
-100000111001010111
In base 5, what is -11414 - -233311?
221342
In base 5, what is -220204 + -2334?
-223043
In base 9, what is -40035 + -14?
-40050
In base 2, what is 100000010010111 - 110111?
100000001100000
In base 3, what is -1000 + 1021210001202002?
1021210001201002
In base 8, what is -32057715 + -2?
-32057717
In base 9, what is -15787724 - 4?
-15787728
In base 3, what is 110200020000101010 + -11?
110200020000100222
In base 8, what is -364007541 - 26?
-364007567
In base 14, what is 2 + -d4b5199?
-d4b5197
In base 2, what is -1100010101 - 1110100101010011111?
-1110100110110110100
In base 15, what is -52645ad - 3?
-52645b1
In base 7, what is 362565 + 4121?
400016
In base 2, what is -110010 - 1101000101101010001111110?
-1101000101101010010110000
In base 14, what is -10113d98 + -6?
-10113da0
In base 7, what is 2 - 125065011?
-125065006
In base 7, what is 411465325 + 1?
411465326
In base 7, what is 2415 - -5623121?
5625536
In base 14, what is 38b7cdc - 3?
38b7cd9
In base 13, what is -5878b4 - -54?
-587860
In base 6, what is -24122 - 31441?
-100003
In base 14, what is 21 - bb429?
-bb408
In base 8, what is -10246 + -70107?
-100355
In base 14, what is -2 - 254d85?
-254d87
In base 7, what is 235436641 + 3?
235436644
In base 10, what is -1745 + -26545?
-28290
In base 12, what is -1 - 2a74bb2?
-2a74bb3
In base 13, what is 3680 - 2a4?
33a9
In base 6, what is 500514 + 5142?
510100
In base 11, what is 2745 + 196?
2930
In base 7, what is 20325 + -20120?
205
In base 6, what is -4 - -25254020214?
25254020210
In base 15, what is -12ed11 + 2?
-12ed0e
In base 15, what is -7 - -5a3c16?
5a3c0e
In base 16, what is -3 + -23015e5?
-23015e8
In base 5, what is 4 + 3410120040?
3410120044
In base 14, what is -35701 - -a?
-356d5
In base 12, what is -61012 + -2463?
-63475
In base 12, what is -6211 + 409?
-5a04
In base 4, what is -23000221 + -1213011?
-30213232
In base 7, what is 2 + 1605142463?
1605142465
In base 7, what is 23465 - 42043?
-15245
In base 15, what is 750 - 15d2d?
-155cd
In base 15, what is -60e484b - 4?
-60e4850
In base 10, what is -7304 - 22902?
-30206
In base 3, what is -10202112220 - -12122?
-10202100021
In base 12, what is 3 - 16456787?
-16456784
In base 7, what is 20 + 112166?
112216
In base 14, what is 1664 - -4ac?
1b32
In base 11, what is 212699 + 4?
2126a2
In base 8, what is -7 - 16054541?
-16054550
In base 9, what is 22434 + 37?
22472
In base 5, what is -3 + 2224330004?
2224330001
In base 6, what is -201441145 + -2?
-201441151
In base 11, what is 0 - -87a8a095?
87a8a095
In base 5, what is -1014430 + -12334?
-1032314
In base 6, what is 251155543 + 140?
251200123
In base 12, what is -594991 + -10?
-5949a1
In base 3, what is -1200210210220 - 112010?
-1200211100000
In base 15, what is -d7 - -1b226b?
1b2184
In base 14, what is -191c14 + 434?
-1917c0
In base 9, what is 110348 - -3?
110352
In base 10, what is 10 + -32435139?
-32435129
In base 15, what is 19 + edb2?
edcb
In base 5, what is -12 - 1221314200?
-1221314212
In base 2, what is -10010010000101000110 - -11010001010?
-10010001101010111100
In base 13, what is 1123 + -2155?
-1032
In base 5, what is 3300 - 3010324?
-3002024
In base 11, what is -348894 - 59?
-348942
In base 10, what is 10 - -10243132?
10243142
In base 14, what is -bab + 11300?
10533
In base 12, what is -1708 - -20853?
1b147
In base 8, what is 5235752 - 544?
5235206
In base 3, what is 211 - 2121120002120?
-2121120001202
In base 10, what is 86310 + -296?
86014
In base 4, what is -102301002 - -11313?
-102223023
In base 3, what is 2 - 120202002100120021?
-120202002100120012
In base 5, what is 2112 + -440324200?
-440322033
In base 4, what is 2200 + 2013111312?
2013120112
In base 9, what is 6550 + 331?
6881
In base 3, what is -11 + 10000122122011?
10000122122000
In base 7, what is 610033 + 263?
610326
In base 9, what is 180 + -335483?
-335303
In base 4, what is 201202 - -13330031?
20131233
In base 15, what is c - b440d?
-b4401
In base 3, what is -11011200112002 - -1?
-11011200112001
In base 9, what is -34118811 + -27?
-34118838
In base 10, what is -6 + 12105617?
12105611
In base 7, what is -26 - 2004636?
-2004665
In base 4, what is 130223302 + -1130?
130222112
In base 14, what is 7 + 507d?
5086
In base 4, what is 32 + -1213320203?
-1213320111
In base 8, what is 5471 - -51072?
56563
In base 10, what is 28954133 - -4?
28954137
In base 12, what is 822b99 + -8?
822b91
In base 15, what is 1 - -2ece35?
2ece36
In base 8, what is -1140 - 42630?
-43770
In base 11, what is -1229 - -219a19?
2187a0
In base 7, what is 4565533 - 31?
4565502
In base 15, what is 80d + -d649d?
-d5b90
In base 16, what is -59c325 + -9?
-59c32e
In base 14, what is 1333389 - b?
133337c
In base 8, what is 3 - 34753253?
-3475325